11 - h. Calculate the highest common divisor of 7 and v.
7
Suppose -h = -2*b - 0*b - 62, -3*b - 65 = -h. Suppose 0 = 4*a + 12, -3*x + 18 + 18 = -5*a. What is the highest common divisor of h and x?
7
Suppose -4*i + 4*y = -84, 43*i = 47*i - 2*y - 78. Let a = 25 + 2. What is the highest common divisor of a and i?
9
Let i be 8/10 + (-24)/30. Let c(x) = -x**2 + x + 8. Let w be c(i). What is the greatest common divisor of w and 88?
8
Let y be (-14 - -45)/((-1)/1). Let v = -28 - y. What is the greatest common factor of v and 9?
3
Let q = 35 - 29. What is the highest common divisor of 30 and q?
6
Let h be 1976/40 - (-6)/10. Let d be (h/8)/(3/(-12)). Let k = d + 49. Calculate the greatest common factor of 3 and k.
3
Suppose 2*n - 3*s = 6*n - 14, 4*s = -8. Suppose n*m - 17 = 4*m. What is the highest common divisor of m and 85?
17
Let w = 54 - 20. Let k = -32 + w. Suppose -k*a - 3*a + 75 = 0. What is the greatest common divisor of 105 and a?
15
Let z(c) = 32*c - 10. Let v be z(2). What is the highest common factor of v and 135?
27
Suppose -4*z = 3*g - 276, 10*g - 9*g - 76 = 4*z. Calculate the greatest common divisor of g and 22.
22
Suppose -3*a + 5 = 230. Let l be (-2)/5 - 3855/a. Calculate the greatest common divisor of 34 and l.
17
Let c = -140 - -72. Let x = c - -40. Let j be 2 + 5/((-20)/x). What is the greatest common divisor of j and 81?
9
Let z be 6 - (12/(-9))/(2/(-3)). Suppose 5*c - 124 = z*m + 68, -c + m = -39. What is the greatest common divisor of 24 and c?
12
Suppose 75 = -2*y + 363. Let h be (-65 - -1)*(-5)/20. What is the greatest common divisor of y and h?
16
Suppose 19761 = 15*q + 1131. What is the highest common factor of 54 and q?
54
Suppose -4*c + 3*u + 76 = 0, -3*c + 21 = 4*u - 11. Let d = c - 4. Calculate the highest common divisor of d and 48.
12
Suppose -8*j = -2*j - 30. Let t(h) = -h**3 - 10*h**2 + 10*h + 4. Let z be t(-11). What is the highest common factor of j and z?
5
Let y = 77 + -55. Suppose 55 = -0*x + 3*x - 2*k, x - y = -3*k. Calculate the greatest common divisor of 209 and x.
19
Suppose 0 = 3*r + 15, -x + 2*r + 43 = 2*x. Let s be (3/6)/((-1)/(-58)) - -4. Calculate the greatest common divisor of x and s.
11
Let w = -26 - -65. Suppose w = 9*c - 6*c. What is the highest common divisor of c and 143?
13
Let g be (-216)/28 + 8 - 2166/(-14). What is the greatest common divisor of 5 and g?
5
Let k = -1 - -1. Let l(p) = 3*p + 210. Let x be l(k). Suppose 0 = 5*z + 2*z - x. Calculate the greatest common divisor of 60 and z.
30
Let b = -77 - -79. Let v(a) = 3*a**2 - 3. Let y be v(b). Calculate the greatest common divisor of y and 117.
9
Suppose 0 = -5*g - 399 + 59. Let h = -48 - g. What is the highest common factor of 5 and h?
5
Let r be 12/18*1170/20. Calculate the greatest common divisor of 104 and r.
13
Suppose 4*i - 4*b = 112, -4*b - 16 - 44 = -2*i. What is the highest common factor of i and 39?
13
Let n(z) = 51*z**2 - 10*z + 21. Let p be n(2). Suppose -253 = -3*l - 4*a - 27, 0 = 3*l - 5*a - 271. What is the greatest common factor of p and l?
41
Let p(c) = -c + 15. Let u be p(6). Let h be (15/u - 2)*(2 + -89). Calculate the highest common divisor of 29 and h.
29
Let z(p) = p**3 - 6*p**2 - 7*p - 3. Let k be z(7). Let h be 9/(-21) - k/7. Suppose h*b - b + 8 = 0. Calculate the greatest common factor of 1 and b.
1
Suppose 0 = 4*b + 4*k - 204, 5*b + 57*k = 61*k + 228. Calculate the greatest common divisor of b and 108.
12
Let b = -35 + 52. Suppose 5*h - 244 = -24. Let q be (51/(-6))/((-2)/h). Calculate the greatest common factor of b and q.
17
Let k(c) = -c**3 - 10*c**2 - 4*c + 10. Let d be k(-10). Calculate the greatest common factor of d and 70.
10
Let v(r) be the third derivative of -4*r**4/3 + 2*r**3 - 21*r**2. Let b be v(-6). Calculate the highest common divisor of 51 and b.
51
Let w(i) = 2*i + 20. Let q be w(-8). Let n(h) = h**3 - 5*h**2 + 7*h - 4. Let v be n(q). Suppose 0*d - v = -4*d. What is the greatest common divisor of d and 2?
2
Let s = 184 + -169. Calculate the greatest common factor of 165 and s.
15
Let b(m) = 3*m**2 + 4*m + 12. Let x be b(-3). What is the highest common divisor of 3 and x?
3
Let v be (-108)/(-6)*16/(-6). Let j = v - -53. What is the greatest common factor of 40 and j?
5
Let p = -56 + 91. Suppose -5*f + 285 + p = 0. Calculate the highest common divisor of f and 16.
16
Let r = 830 - 431. Suppose 3*l - r = 228. What is the greatest common divisor of l and 19?
19
Let m(u) = -u - 4. Let a be m(-5). Suppose -g + 4 = a. What is the highest common factor of g and 4?
1
Suppose -2*b + 46 = -2*w, 133 = 5*b + w - 0*w. Let p = -8052 + 8143. What is the highest common factor of b and p?
13
Suppose 26*i = 22*i + 36. Suppose -i*j = 2*j - 154. Calculate the greatest common divisor of 21 and j.
7
Let x be 286/(-1287) + 29/9. Suppose c + 36 = 5*c. What is the greatest common divisor of x and c?
3
Let j(v) = -v**2 + 27*v + 46. Let n be j(22). What is the highest common divisor of n and 3?
3
Suppose 15371 + 14629 = 12*a. What is the highest common factor of 20 and a?
20
Let i(r) = 17*r - 129. Let q be i(9). What is the greatest common factor of 56 and q?
8
Let o be (19975/(-170))/(2/(-12)). What is the greatest common factor of o and 15?
15
Let l = 3 - 3. Suppose 0 = 3*u - 2*n - 52, 4 = -l*n - 2*n. Calculate the highest common factor of 128 and u.
16
Let b = 7277 - 4613. Calculate the greatest common divisor of 12 and b.
12
Let o = 23 + -88. Let x = 38 + o. Let q = -15 - x. Calculate the highest common factor of q and 4.
4
Suppose 2*d + 4*l + 6 = 0, 3*l + 2 - 5 = -4*d. Suppose d*f - 210 = -0*f. Suppose -11*t + 13*t = f. Calculate the greatest common divisor of t and 14.
7
Suppose 5*t = v + 16, -3*v + 7*v + 2*t = 46. Calculate the highest common divisor of v and 9.
9
Suppose 3*b = -5*h + 6*h - 399, 2*b = 5*h - 1982. What is the greatest common factor of h and 72?
36
Let g be 2/(-5) + 102/5. Let u(n) be the third derivative of n**4/24 + n**3/6 - 6*n**2. Let w be u(3). Calculate the highest common factor of g and w.
4
Let i be ((-2)/(-2))/((-1)/7). Let s be (-4)/i - 20/35. Suppose -w + 4 + 10 = s. What is the highest common factor of w and 28?
14
Suppose 8 = 3*y - 2*g - 5, 0 = -2*y - 3*g. Let w(a) = -a**3 - 2*a + 2. Let b be w(y). Let t = b - -94. What is the greatest common factor of 7 and t?
7
Let p(o) = 11*o**3 + o**2 + 25*o - 91. Let w be p(4). Calculate the highest common factor of w and 27.
27
Let s be (14/2 - 8)*-5. What is the greatest common factor of s and 320?
5
Let m(w) = w + 10. Let o be m(-4). Calculate the greatest common divisor of 27 and o.
3
Suppose 5*w - 6 + 21 = 0. Let t be (-2 - -3) + -3 - w. Suppose -2*g - t - 7 = -5*u, 11 = 5*g + 3*u. What is the highest common factor of 1 and g?
1
Suppose 3*q - 2*n + 64 = 0, -q = 2*n + 26 - 2. Let j = q + 73. Suppose -3*m + 34 = -2*m. What is the highest common factor of j and m?
17
Let n be (-3)/(-3)*(-1 - -1). Suppose 2 = -n*j + 2*j. Let k be (j/(-2))/(3/(-432)). Calculate the highest common factor of 18 and k.
18
Let z be (27/6 - 2/4)/2. Suppose 5*b - 2*m = 38, 6*b - 2*b = -z*m + 34. What is the highest common factor of 56 and b?
8
Let s be (-12 - 1)*(6 - 3)/(-3). Suppose -5*g + 5 = 0, -c + 3*g = -11 + 1. Calculate the greatest common divisor of s and c.
13
Let z = 60 + -86. Let a be z/(-1) + 1 + 1. Let u be a/(-126) - (-256)/18. What is the greatest common divisor of u and 35?
7
Let x be 2*(-3 + 170) - 2. Let c = -224 + x. Suppose -4*m - 4*l + c = 0, -3*l = 5*m + l - 140. Calculate the highest common factor of m and 4.
4
Suppose 0 = -154*t + 104*t + 4500. Calculate the highest common divisor of 35 and t.
5
Let v(c) = -c**3 + 4*c**2 + 4*c - 2. Let n be v(4). Let t(h) = h + 1. Let m be t(13). Suppose -m*j = -12*j - 56. What is the highest common divisor of j and n?
14
Let h = -38 + 182. What is the greatest common divisor of h and 48?
48
Let d = 1 + 3. Suppose 2*a + d*r - 67 = 61, -5*a + 272 = -2*r. Calculate the greatest common factor of a and 84.
28
Let c(t) = 3*t - 53. Let u be c(19). Suppose 0 = -5*l + 2*x + u + 1626, 3*l = 5*x + 997. Calculate the greatest common factor of 36 and l.
36
Suppose -6*n + 12 = -168. Suppose 0*s = 3*l - s - 13, -5*s + n = 4*l. Suppose -2*a = -l*a + 33. What is the greatest common divisor of a and 1?
1
Let x(v) = -5 + 5*v - 2*v -